hat is (9 - (-6 + 17)) + 1 + 1?
0
What is 3 + -3 + 11 - 2?
9
Calculate (2 + -3 - -3) + (-5 - -5).
2
Evaluate (9 - (-3 + 5) - 3) + -1.
3
What is the value of 3 - (-5 + -2 + (18 - 11))?
3
What is (-6 - -8) + 12 + -20?
-6
0 - 2 - 3 - (-72 - -72)
-5
Calculate (-12 - (-8 - -3)) + 8.
1
-1 + 2 + 9 + -8 + 3
5
What is the value of 2 + -1 + -3 + -6 + 4?
-4
What is 18 + -8 + (-10 - 6)?
-6
What is 1 + -4 + -2 - -1?
-4
Evaluate -11 - -8 - (0 + -3) - 2.
-2
What is 22 + -39 + (2 - -8)?
-7
What is 7 - (4 + (8 - (-8 - -7)))?
-6
What is 0 + 2 + (4 + 2 - 5)?
3
What is -10 - (-6 + 6) - -8?
-2
What is the value of (-5 - -1 - 0) + (0 - -2)?
-2
What is the value of 2 + (0 - 4) + 7?
5
(5 - 1) + 1 + -7 + 7
5
Evaluate 1 + 5 + -3 + (-13 - -9).
-1
14 - 9 - (-1 + 2)
4
What is the value of -5 + (2 - (1 + -1))?
-3
What is the value of 0 - (-8 + (-4 - (-1 - 3)))?
8
Calculate 1 + 6 + -6 + -4.
-3
Evaluate 7 + -4 + 5 + -1 + -4.
3
What is the value of -1 + 0 - (3 + (-5 - 4))?
5
-1 + -2 + 1 + (5 - 3)
0
Calculate 1 + -1 - -2 - 1.
1
0 - 2 - (13 + -14)
-1
Calculate 30 + -27 + 3 + -1.
5
7 + -4 + 3 + 5 + -20
-9
7 + 0 + -9 + -2
-4
What is the value of (0 + 3 - 3) + (-4 - -3)?
-1
What is -3 + 1 + (-4 - -9)?
3
What is -3 + 0 - (5 + -3)?
-5
What is the value of 1 + 2 + -11 + 4?
-4
Evaluate 4 - 0 - (-64 - -65).
3
Calculate 5 - (4 + 1 - -7).
-7
Calculate (-8 - -1 - -2) + -2 + 2.
-5
What is the value of 17 + -1 - (-6 + 9 + 4)?
9
Calculate 0 + (-2 - (1 + -3 - 0)).
0
Evaluate -1 - 1 - (-1 - (0 + -1)).
-2
Calculate 5 + (-1 - 2 - (0 + -3)).
5
Calculate (-14 - (0 - 10)) + (2 - 4).
-6
Evaluate (-5 - 2) + (-20 - -17).
-10
What is (-9 + -1 - -4) + (-3 - -5)?
-4
What is the value of 4 + (-7 - (2 + -1))?
-4
What is the value of 1 - -1 - 2 - -2?
2
Evaluate -9 - (2 + -26 + 6).
9
Evaluate 15 - 15 - (0 + 3).
-3
What is 6 + (0 - ((-5 - -5) + 4))?
2
-10 + 3 - (-24 - -5 - -3)
9
What is 14 + -5 - (-2 - -6)?
5
What is (0 - 0) + (6 - 6)?
0
What is the value of 1 + 6 + -2 + (0 - 2)?
3
What is 6 + (-9 - -11) - 8?
0
Evaluate 5 + 4 + -4 - 12.
-7
3 + -3 + -4 + -1
-5
What is the value of 1 + (3 - 1) + -7?
-4
-5 + (1 - (-6 - -4)) + -1
-3
Calculate -1 + (14 + -7 - 6) + 4.
4
Calculate 1 + (1 - 2) + 8 - 6.
2
What is the value of 0 + -3 + 6 + -7 + -3?
-7
-4 + -19 + 10 - -5
-8
Evaluate (628 - 635) + (-1 - (0 + -1)).
-7
What is the value of (-3 - 6) + 5 - -5?
1
Evaluate 1 - 1 - (-5 - (8 - 11)).
2
What is the value of 2 + 2 + -22 + 21?
3
What is the value of (5 - (-1 - -8)) + -2 + 9?
5
Evaluate 0 + -5 + 6 + -1 - 0.
0
What is the value of (-2 + 6 - 3) + (4 - 0)?
5
What is the value of 15 + -17 + 4 + -2 + 7?
7
What is the value of -3 - (2 - (4 - 0)) - -4?
3
Evaluate (6 - 3) + 2 - 0.
5
Calculate (-2 - -1) + 0 + 9.
8
Calculate 29 + -24 + (-1 - 1 - 0).
3
What is -9 + 0 - (-2 + 6 + -8)?
-5
Evaluate -1 + 0 + (2 - 0 - 2).
-1
Evaluate -4 - (0 + 1 + -2).
-3
Calculate (-22 - -31) + (1 + -1 - 4).
5
5 - ((0 + 4 - 0) + 7)
-6
2 - (5 + -4 - 2)
3
-4 + -1 + 3 + -1
-3
12 - (8 - (-4 - -9))
9
What is the value of 10 + (-11 - (2 + 3))?
-6
What is 2 - 10 - (-4 - 3)?
-1
What is the value of -19 + 7 + (-1 - -13 - 5)?
-5
Evaluate -75 - -77 - (1 + 7).
-6
Calculate (3 - (-13 + 11)) + 4.
9
Evaluate 45 + -37 - (4 - -1).
3
6 - 2 - (0 + 4)
0
-2 - (2 - (4 + (0 - -5)))
5
What is -7 - -11 - (0 + 0)?
4
(0 - (-10 + 3)) + -15
-8
What is -4 + (-4 + 8 + -3 - 3)?
-6
Evaluate (-4 - -3) + (2 - (0 + -2)).
3
Evaluate -5 + 3 + 5 - 5 - -5.
3
What is 6 + (-5 - -4) + -5?
0
What is 13 - -3 - (5 - (6 - 8))?
9
What is the value of (12 - -5) + -11 - -4?
10
Evaluate -1 + 1 + -1 - (4 + 0).
-5
Evaluate 3 - 2 - (-4 - -2).
3
Evaluate 6 + 6 + (15 - 16).
11
What is the value of -7 + (0 - 3 - -6 - 0)?
-4
Calculate (5 - 0) + (32 - 38).
-1
What is 9 - (-11 - -13) - (-1 - -6)?
2
What is -4 - -7 - -4 - (6 - -3)?
-2
What is (4 - (0 + 2)) + 2?
4
What is the value of 0 - (0 - (-2 + 0))?
-2
Calculate (-3 - (-6 + -1)) + (-2 - 1).
1
4 - (-2 - (-8 + (0 - 3)))
-5
Calculate 6 + -4 + (-1 - -1).
2
What is the value of (10 + -14 - -8) + (-4 - -2)?
2
(9 - 3 - 1) + -6
-1
Evaluate -4 + (-16 - -17) + (2 - -3).
2
Evaluate 6 - 9 - 2 - -3.
-2
Calculate (22 - (-11 + 21)) + -4 + 0.
8
4 + (-8 - -15 - 15)
-4
Calculate 1 - (-3 + 5) - (-6 + 3).
2
What is -3 - (-2 + 1 - 5)?
3
What is the value of 28 - 32 - (-2 - -3 - 1)?
-4
What is the value of 1 - 3 - -2 - (0 + 2)?
-2
What is the value of -1 - (6 - 2 - 2)?
-3
Calculate (-1 - (-14 - -17)) + (-1 - -7).
2
(2 + 12 - 25) + 0 + 4
-7
Evaluate -34 + 30 + 10 + -1.
5
Calculate 10 + -20 + 9 - (1 - 6).
4
Calculate -9 - (-6 - (-5 - -2)).
-6
What is 1 - (-1 + 5) - -4?
1
What is 1 + (-4 - -6) + 1?
4
3 + (0 - -3) - (-5 - -7)
4
What is the value of -3 + -1 - (19 + -23)?
0
What is the value of (9 - 4) + -3 + 4?
6
Evaluate -1 + (-4 - -5 - -3).
3
Calculate -6 + 8 + -7 - -2.
-3
What is -9 - 0 - -1 - (-4 + -2)?
-2
What is 3 + -2 - (-1 - (1 - 3))?
0
Calculate (4 - 1) + 3 + -4.
2
4 - 1 - (2 + 6 - 2)
-3
What is 1 - 6 - (-2 - (-2 - -3))?
-2
-1 + 4 + (-3 + -1 - 3)
-4
Evaluate -19 + 17 - (0 + -2).
0
5 - (-9 - (-20 - -7))
1
Evaluate -2 + (-1 - -5) + -1.
1
Calculate 9 - (-1 - -2) - (3 - -4).
1
-4 + 6 + -4 + -5 + 3
-4
-7 + 2 + 1 + -9 + 11
-2
Evaluate 4 - (2 + -2 - -5).
-1
Calculate -1 + 3 + 2 + -5.
-1
Calculate -25 + 12 + 5 + (-3 - -1).
-10
What is 3 - (1 + -1 + -1)?
4
Calculate 4 + -5 + (-5 - -8) + -10.
-8
Calculate 1 - ((6 - 1) + -1).
-3
24 + 2 - 11 - 13
2
(5 - -2) + 2 - 6
3
Evaluate 3 - (-3 - -3 - -4).
-1
3 - (8 - 1 - (-14 + 16))
-2
What is -3 - (-5 - -3 - 1)?
0
Calculate (-15 - (9 - 20)) + 6.
2
Evaluate -8 + (18 - 20) + (-2 - -8).
-4
What is (-4 - 2) + -5 + 6 - -5?
0
Evaluate 1 + 2 + 1 + (6 - 6).
4
What is -1 + (-2 + 0 - 1)?
-4
2 - 3 - (7 + -6)
-2
Evaluate -1 - 7 - (80 - 80).
-8
What is -8 - (1 + -4) - (1 - 6)?
0
Calculate -6 + (10 - 2) + -9.
-7
What is 1 + -7 - (-246 - -233)?
7
Evaluate -2 - (3 - (-1 + 2)).
-4
-1 - (-4 - -4) - (-1 + -3)
3
What is the value of -3 - ((-1 - -4) + (-1 - 12))?
7
6 + -3 + 1 + -10
-6
Calculate 0 - -5 - (-3 - (-4 - 0)).
4
What is the value of 4 + (-5 - (-3 + 5))?
-3
Evaluate (1 - -1) + (0 + 0 - -2).
4
What is (-1 - -12 - 7) + -4?
0
Calculate -4 + (5 - (9 - 5)).
-3
-15 - (5 - (37 - 15))
2
Calculate 7 - (6 + 0 + 2).
-1
Calculate 4 + 2 - 1 - 4 - 4.
-3
Evaluate -9 + (-2 - -6) - (-1 - -2).
-6
What is -3 - -2 - (1 - -2 - 9)?
5
Evaluate -1 + 1 + -4 - (1 + -6).
1
Calculate (-5 - (-11 - -2)) + (1 - 4).
1
What is -7 + -2 + -3 + 9 - -8?
5
Calculate -2 + 2 + 1 + (-19 - -16).
-2
(-4 + 3 - -4) + 2
5
0 + -4 + -2 + 7 + 4
5
What is -2 - (-1 - 0 - 0)?
-1
Calculate 0 + (-4 - (0 - -1)) + 4.
-1
(-1 - (8 - 0)) + 2 - -5
-2
Evaluate -25 - -12 - -15 - (-1 - -1).
2
Evaluate 4 - (-18 + 11 + (4 - -3)).
4
-6 + (-2 - (-5 - (-1 - -5)))
1
What is the value of 6 + (-5 - (-8 + 10))?
-1
What is 2 + (4 - 11) + (-3 - -11)?
3
(0 - -9) + -10 + 3
2
Calculate 0 + 3 - (0 + -1 + 2).
2
3 + -1 - (23 - 26)
5
What is (-2 - 1) + 4 + 2?
3
Evaluate 2 + -4 + 0 - -4.
2
Evaluate -8 + 2 - (11 - 9).
-8
What is 0 + (-2 - -1) - (6 + -6)?
-1
What is the value of 7 + (5 - 1) - (5 - 0)?
6
What is 1 + (1 + -2 - 1)?
-1
-14 + 5 + 5 + 2
-2
(1 - (7 - 3)) + 9 + -8
-2
1 + 3 - (0 + 0)
4
0 + -2 + 7 + -4 - 4
-3
Calculate -2 + (-4 - -4) + (2 - 2).
-2
3 - (7 - (0 + -1))
-5
-1 + -3 - (-9 + 7)
-2
Calculate 1 + (-2 - (0 + -2)).
1
What is (-4 - 2) + 2 - -6?
2
What is the value of 1 + (-3 - 2 - 1)?
-5
Calculate (-12 - (-8 - 0)) + (2 - 0).
-2
2 - (5 - 2) - 2
-3
Calculate 2 - 5 - (-2 + (-1 - -3)).
-3
Evaluate (7 - 1 - (-2 + 4)) + -3.
1
Evaluate 6 + (10 + -7 + 1 - 4).
6
-6 - -11 - (-2 + 3 - 1)
5
(-2 - 2) + 6 + -4
-2
Evaluate 0 - (-7 + (4 - 1 - -1)).
3
What is (15 - 2) + -24 + 10?
-1
12 + 6 + -5 + -10
3
Calculate 0 - ((1 - 1) + -2 + 4).
-2
What is the value of -18 + 14 - (1 - 0)?
-5
3 + (0 - 0) - (8 + -7)
2
(-17 - -21) + 0 + (5 - 3)
6
What is (10 - -3) + -17 + 10?
6
3 - (7 - (-3 + 8 + -1))
0
Calculate 0 - (-3 - (-1 + 2)).
4
What is the value of (-19 - -13) + (9 - (3 + -3))?
3
-1 - (0 - 4) - (-42 - -41)
4
Calculate (9 - 3) + (-6 - (-6 - -3)).
3
15 - 22 - (0 + -3)
-4
What is the value of 12 - 1 - (8 + -3)?
6
What is the value of (-2 - -2) + -3 + -9 + 15?
3
Calculate 8 + 11 + -35 - -7.
-9
What is the value of -4 + (-2 - 2) + 8?
0
9 - -1 - (25 - 6)
-9
Evaluate 4 + ((2 - 6) + -1 - -3).
2
What is the value of -6 - (0 - (5 - (6 - 0)))?
-7
What 